
-26
What is 23 (base 13) in base 11?
27
-76 (base 14) to base 3
-10212
What is 2 (base 7) in base 11?
2
Convert 14 (base 6) to base 2.
1010
Convert -111 (base 7) to base 11.
-52
-222 (base 5) to base 14
-46
Convert 12 (base 10) to base 14.
c
Convert -16 (base 10) to base 9.
-17
-6 (base 15) to base 11
-6
-1 (base 11) to base 9
-1
What is -310 (base 4) in base 16?
-34
Convert -2 (base 15) to base 11.
-2
20 (base 3) to base 5
11
-111 (base 9) to base 11
-83
Convert -12 (base 16) to base 8.
-22
120101 (base 3) to base 15
1ca
-32 (base 10) to base 3
-1012
What is -30 (base 6) in base 7?
-24
What is -1a (base 12) in base 8?
-26
Convert 12 (base 8) to base 10.
10
Convert -16 (base 10) to base 13.
-13
Convert 6 (base 8) to base 5.
11
Convert 1 (base 6) to base 9.
1
7 (base 10) to base 3
21
Convert -3 (base 12) to base 3.
-10
Convert 1 (base 16) to base 4.
1
220 (base 3) to base 16
18
1122 (base 3) to base 11
40
Convert -602 (base 7) to base 12.
-208
Convert 3 (base 13) to base 15.
3
What is 7 (base 13) in base 6?
11
Convert 23 (base 6) to base 7.
21
What is 24 (base 16) in base 7?
51
Convert -2 (base 15) to base 16.
-2
What is -4 (base 5) in base 6?
-4
-17 (base 16) to base 7
-32
What is 32 (base 7) in base 9?
25
Convert -d (base 15) to base 11.
-12
Convert -121 (base 4) to base 2.
-11001
12 (base 5) to base 2
111
What is 34 (base 11) in base 12?
31
What is 3 (base 9) in base 11?
3
What is -12 (base 9) in base 11?
-10
Convert 9 (base 14) to base 12.
9
What is 1121 (base 3) in base 8?
53
11010011 (base 2) to base 4
3103
2 (base 6) to base 12
2
What is -12012 (base 3) in base 10?
-140
-2 (base 9) to base 16
-2
Convert 1223 (base 4) to base 10.
107
-1 (base 12) to base 6
-1
30 (base 7) to base 10
21
Convert -1244 (base 5) to base 3.
-21101
101010 (base 2) to base 6
110
-2 (base 6) to base 14
-2
What is 1 (base 16) in base 2?
1
19 (base 13) to base 10
22
-52 (base 9) to base 15
-32
Convert 3a (base 13) to base 11.
45
1 (base 2) to base 15
1
What is -14 (base 11) in base 12?
-13
-11 (base 2) to base 8
-3
Convert -2020 (base 3) to base 8.
-74
Convert 4 (base 15) to base 6.
4
Convert -7 (base 11) to base 14.
-7
-21 (base 3) to base 16
-7
What is 16 (base 7) in base 16?
d
Convert 12 (base 13) to base 8.
17
Convert 21010 (base 3) to base 14.
da
What is -1e (base 16) in base 8?
-36
What is -1 (base 8) in base 13?
-1
Convert 33 (base 4) to base 8.
17
What is 392 (base 10) in base 16?
188
4a (base 14) to base 4
1002
What is -10001000 (base 2) in base 13?
-a6
Convert -19 (base 10) to base 3.
-201
Convert 4 (base 10) to base 7.
4
What is 98 (base 12) in base 2?
1110100
-124 (base 5) to base 15
-29
What is -10000 (base 2) in base 16?
-10
Convert 4 (base 8) to base 10.
4
9 (base 12) to base 4
21
Convert -20111 (base 3) to base 4.
-2233
What is -21 (base 16) in base 11?
-30
What is -16 (base 16) in base 14?
-18
What is -100011 (base 2) in base 3?
-1022
What is 200 (base 4) in base 8?
40
1 (base 11) to base 12
1
What is -2 (base 16) in base 6?
-2
What is 2 (base 9) in base 10?
2
What is -203 (base 4) in base 8?
-43
Convert 7 (base 15) to base 12.
7
What is -121 (base 10) in base 8?
-171
-4 (base 9) to base 5
-4
What is 110011 (base 2) in base 14?
39
Convert 2 (base 9) to base 16.
2
Convert 1100010 (base 2) to base 15.
68
What is 2 (base 15) in base 9?
2
-1d (base 16) to base 3
-1002
What is 110 (base 4) in base 6?
32
20 (base 11) to base 12
1a
What is -1 (base 13) in base 8?
-1
9 (base 13) to base 7
12
Convert -4 (base 14) to base 7.
-4
-26a (base 12) to base 4
-11302
-20101 (base 3) to base 9
-211
Convert 3 (base 14) to base 11.
3
-16 (base 14) to base 15
-15
Convert 2 (base 16) to base 7.
2
-100 (base 3) to base 2
-1001
Convert 17 (base 9) to base 7.
22
Convert -16 (base 14) to base 4.
-110
Convert 101 (base 4) to base 2.
10001
-201 (base 4) to base 10
-33
b (base 15) to base 14
b
-4 (base 15) to base 8
-4
What is 111 (base 4) in base 11?
1a
Convert -3 (base 14) to base 11.
-3
What is 21 (base 15) in base 12?
27
Convert 6 (base 7) to base 12.
6
What is -3221 (base 4) in base 9?
-278
-206 (base 10) to base 5
-1311
Convert e (base 15) to base 13.
11
Convert -1110 (base 2) to base 8.
-16
Convert 5 (base 6) to base 15.
5
Convert 19 (base 15) to base 5.
44
Convert -15 (base 9) to base 10.
-14
Convert 23 (base 4) to base 10.
11
28 (base 16) to base 7
55
What is 14 (base 8) in base 5?
22
Convert -26 (base 14) to base 11.
-31
What is -1022 (base 3) in base 9?
-38
What is 2 (base 5) in base 14?
2
What is 2d (base 15) in base 7?
61
0 (base 9) to base 3
0
-39 (base 10) to base 7
-54
Convert -49 (base 13) to base 5.
-221
-20 (base 3) to base 7
-6
What is 233 (base 7) in base 2?
1111010
-113 (base 4) to base 14
-19
-7 (base 13) to base 5
-12
What is -d (base 16) in base 13?
-10
Convert -2233 (base 4) to base 11.
-14a
Convert -15a (base 12) to base 2.
-11010110
What is 10 (base 6) in base 10?
6
-1 (base 16) to base 11
-1
What is -22 (base 5) in base 3?
-110
21 (base 8) to base 2
10001
Convert 4 (base 8) to base 2.
100
0 (base 13) to base 6
0
What is 6 (base 14) in base 8?
6
What is 0 (base 13) in base 8?
0
0 (base 10) to base 15
0
-102 (base 4) to base 11
-17
Convert 1 (base 15) to base 12.
1
-1 (base 5) to base 9
-1
14 (base 13) to base 14
13
What is 126 (base 7) in base 6?
153
What is 12 (base 8) in base 7?
13
Convert -1 (base 7) to base 9.
-1
Convert 101100 (base 2) to base 3.
1122
What is 65 (base 7) in base 16?
2f
Convert 14 (base 6) to base 2.
1010
What is c1 (base 14) in base 4?
2221
Convert 5 (base 10) to base 5.
10
What is 6 (base 16) in base 6?
10
Convert 8 (base 10) to base 14.
8
What is -184 (base 10) in base 4?
-2320
Convert 0 (base 5) to base 10.
0
Convert -182 (base 9) to base 11.
-131
What is -1 (base 10) in base 3?
-1
-8a (base 13) to base 3
-11020
What is -1 (base 9) in base 15?
-1
Convert -1 (base 9) to base 16.
-1
Convert 43 (base 14) to base 2.
111011
What is -1 (base 11) in base 7?
-1
What is 0 (base 16) in base 10?
0
Convert 4 (base 15) to base 5.
4
What is -26 (base 16) in base 5?
-123
What is -4b (base 16) in base 7?
-135
Convert -100 (base 7) to base 13.
-3a
-e (base 15) to base 3
-112
Convert -5 (base 12) to base 4.
-11
Convert -3 (base 15) to base 8.
-3
What is 277 (base 10) in base 7?
544
What is -33 (base 10) in base 12?
-29
What is -74 (base 10) in base 2?
-1001010
2 (base 7) to base 15
2
Convert 7 (base 11) to base 5.
12
4 (base 8) to base 15
4
Convert -1 (base 14) to base 8.
-1
What is 11 (base 5) in base 9?
6
Convert -104 (base 5) to base 3.
-1002
29 (base 16) to base 6
105
Convert 2 (base 9) to base 5.
2
Convert -58 (base 12) to base 15.
-48
Convert 6 (base 15) to base 4.
12
What is 3a (base 11) in base 2?
101011
-45 (base 12) to base 11
-49
1 (base 12) to base 10
1
-360 (base 8) to base 9
-286
What is -102 (base 3) in base 6?
-15
Convert 5 (base 14) to base 7.
5
Convert 24 (base 14) to base 16.
20
Convert 100 (base 6) to base 16.
24
Convert -3 (base 6) to base 7.
-3
Convert -112 (base 4) to base 5.
-42
-b5 (base 16) to base 9
-221
0 (base 3) to base 11
0
What is -9 (base 13) in base 11?
-9
Convert -28 (base 15) to base 2.
-100110
Convert -122 (base 3) to base 15.
-12
-128 (base 10) to base 13
-9b
What is -2 (base 16) in base 6?
-2
-3 (base 12) to base 14
-3
Convert -16 (base 7) to base 3.
-111
Convert 11 (base 8) to base 11.
9
What is 0 (base 13) in base 16?
0
2 (base 14) to base 8
2
100 (base 2) to base 11
4
What is -b (base 14) in base 8?
-13
Convert -21 (base 4) to base 5.
-14
43 (base 9) to base 3
1110
Convert -2 (base 7) to base 16.
-2
Convert -24 (base 12) to base 11.
-26
What is 6c (base 16) in base 9?
130
Convert -11222 (base 3) to base 13.
-a4
-8 (base 15) to base 14
-8
1010 (base 2) to base 12
a
1100 (base 2) to base 5
22
Convert -13 (base 10) to base 5.
-23
Convert 14 (base 14) to base 5.
33
Convert 1000000 (base 2) to base 14.
48
What is -42 (base 8) in base 15?
-24
What is -25 (base 10) in base 11?
-23
Convert -1 (base 2) to base 14.
-1
110 (base 8) to base 9
80
What is 124 (base 14) in base 16?
e4
What is -112 (base 4) in base 10?
-22
What is -8 (base 9) in base 3?
-22
-202 (base 5) to base 9
-57
What is -10 (base 12) in base 9?
-13
What is 82 (base 11) in base 3?
10100
-140 (base 12) to base 8
-300
24 (base 7) to base 15
13